 = -8*l + 4. Let n(f) = -2*k(f) + 3*u(f). Let r = 41 + -42. Calculate n(r).
6
Let q(h) = 4*h + 19 - h - 58. Determine q(18).
15
Let q(a) be the third derivative of -a**5/60 - 7*a**4/6 - 2*a**3 - 8*a**2 - 10. Give q(-28).
-12
Let i(h) = 2*h + 4*h - h**2 + 12 + 4*h - h. Let v(x) = 2*x**2 + x - 16. Let t be v(6). Suppose -20 = -c + 2*s, -t = -5*c - s - 17. Determine i(c).
2
Let n(i) = -2*i - 7 + 4 + 0. Suppose -60 + 62 = -3*b - 2*s, 0 = b - 5*s - 56. What is n(b)?
-15
Let j(w) be the first derivative of -87 + 12*w + 1/2*w**2. Let n be 2/(-8)*5*4. What is j(n)?
7
Let s(h) = 0*h**2 - 3*h + h - h**2 + 2 + h. Let f(w) = -w + 3. Let a be f(-5). Suppose 32 = -0*z - a*z. Give s(z).
-10
Let i(w) = -w + 7. Let k be i(5). Let q be 6/(-2) + 77/(-14)*(-11 + 3). Let c(s) = 92*s - 41*s - q*s + s**k - 2. Calculate c(-10).
-2
Let n(a) = -1 + 112*a + 159*a - 373*a + a**2 + 110*a. Give n(-8).
-1
Let v(d) = d**3 - 16*d**2 - 5*d + 89. Let y be v(16). Let k(h) = -7 + 5*h - 6*h - 4*h - 7*h + y*h. Give k(7).
-28
Let p(j) = -j**3 - 14*j**2 + 5*j + 17. Let k be -12*(-8 - (-660)/72). What is p(k)?
-53
Suppose -6*s = -8391 - 4521. Let j(f) = s*f - 4300*f + 2150*f + 30. Determine j(-18).
-6
Let n(c) be the first derivative of 11*c**2 + 326*c + 6546. Give n(-15).
-4
Let b(l) be the third derivative of -l**4/8 + 60*l**2 - 7*l. Let t(v) = -v**3 - 4*v**2 + 4. Let s be t(-3). What is b(s)?
15
Let r(a) = 7 - 7352*a**2 + 6*a + a + 7356*a**2 + 8*a. Determine r(-3).
-2
Let x(a) = -106*a + 428. Let w(z) = 339*z - 1285. Let c(q) = 3*w(q) + 10*x(q). Give c(10).
-5
Let l(s) = -s + 4. Let v be l(6). Let w(p) = -2*p**3 - 8*p**2 - 35*p - 4. Let r(u) = 2*u**3 + 7*u**2 + 28*u + 3. Let n(k) = -5*r(k) - 4*w(k). Determine n(v).
5
Suppose -5*r - 1 = -4*i, 4*i + 2 = -0*i + 2*r. Let f(j) = 8*j**3 - 3*j**2 - 3*j - 1. Let t be f(i). Let p = -3 - t. Let x(d) = -d + 7. Calculate x(p).
1
Let i(b) = 1 - 188*b**2 + 190*b**2 - 3 - b + 3. Let n(d) = 5*d**2 - 7*d + 6. Let o(a) = -2*i(a) + n(a). Give o(3).
-2
Let i(y) = -15*y - 287. Let r be i(-19). Let z(b) = -3*b**2 + b - 3. Determine z(r).
-17
Let p be 57/9 - 44/33. Let t(u) = -2*u + 9*u + 10 + p*u - 11. Suppose -2*m + 2*w - 14 = 0, 0 = -4*m + 2*w - 21 + 3. What is t(m)?
-25
Suppose -6 = -3*v, 12*v = 5*h + 11*v - 53. Let s(u) = 1 + h*u**2 - 2 - 10*u**2 - 4*u + 0. Calculate s(6).
11
Let u(l) = -2*l**2 + 23*l - 79. Let r(w) = 2*w**2 - 24*w + 119. Let t(o) = -2*r(o) - 3*u(o). What is t(10)?
-11
Let k(w) = w - 14. Let y(m) = m - 12. Let c(q) = 2*k(q) - 3*y(q). Suppose 5*v + 5*o - 11 = 54, -4*v = 2*o - 52. Give c(v).
-5
Let k(v) = -v**2 - 10*v + 6. Let n(p) = 8*p**2 - 11*p + 16. Let d(u) = 2*u**2 + 2. Let a(r) = -5*d(r) + n(r). Let b(j) = -2*a(j) + 3*k(j). What is b(7)?
-1
Let q(h) = 61*h**2 + 19*h - 55. Let f(z) = 12*z**2 + z - 1. Let x(i) = 5*f(i) - q(i). Calculate x(-17).
-1
Suppose 4*c + 3*s = 9, 52*c = 57*c + 4*s - 11. Let a(v) = -2*v**2 - 4*v + 4. Give a(c).
-26
Let t(w) be the first derivative of 4*w - 24 + 1/2*w**2. Let k(y) = -y - 3. Let l be k(0). Calculate t(l).
1
Let b(l) be the first derivative of l**3/3 + 7*l**2 + 32*l - 2244. Determine b(-12).
8
Let s be (-24)/(-16) - (14 + (-126)/12). Let m(x) = -x**3 + 4*x**2 - x + 1. Give m(s).
27
Let n(f) be the first derivative of -2*f**3/3 - 19*f**2/2 + 38*f - 491. Give n(-11).
5
Let s(d) = d**3 - 8*d**2 - 15*d + 121. Let p = 9668 + -9660. Determine s(p).
1
Let h(k) = -47 - 2*k**2 + 188 - 22*k - 137. What is h(-9)?
40
Let g(y) = 5*y**3 - 2*y**2 + 3*y. Suppose -23 - 1 = -12*b. Give g(b).
38
Suppose -4*t = 3*t - 56. Suppose t = -i - 3*v, 2 = 5*v + 22. Let k be 1 + i + -16 + 16. Let w(s) = -s**3 + 4*s**2 + 7*s - 5. Determine w(k).
5
Let p(x) be the first derivative of x**2/2 - 2*x + 3. Let t = -60152 - -60149. Determine p(t).
-5
Let i be (-1)/(-1)*1*-1. Let x(y) = 321*y**2 - 639*y**2 - 1 + 1 + 299*y**2. What is x(i)?
-19
Let h(p) = p - 1. Let g be 1*-1 + 1 - 60/(-30). Suppose 3*u - 2*t = 3*t - 17, g*t = -u - 2. Give h(u).
-5
Let h be -7 + (-830)/(-50) + 21/(-35). Let r(o) = o**3 - 6*o**2 - 28*o + 7. Calculate r(h).
-2
Suppose -293*z = -291*z - 36. Suppose z*t = 9*t - 9. Let k(b) = -8*b**3 - b + b. Calculate k(t).
8
Let s be (-80)/(-14) + (-4)/(-14). Let r(v) = 21*v**3 - 15*v**2 - 5*v - 3. Let w(l) = -5*l**3 + 2*l**2 + 3*l. Let a(p) = -r(p) - 4*w(p). Determine a(s).
-3
Let u(v) = -3 + 8*v + 16*v - 19 - 352 + 9*v + v**2. What is u(9)?
4
Suppose 4*f = -3 + 27. Let z(h) = 6*h - h**3 - f + h - 7*h**2 - 1. Determine z(-8).
1
Let o(c) = c**2 + 2*c - 4. Let i be o(4). Let j = i + -13. Let f(t) = -13*t**2 - 7*t + 19. Let v(q) = 7*q**2 - q - 11. Let p(z) = -f(z) - 2*v(z). What is p(j)?
17
Let y(p) = -3*p**2 + 7*p**2 - 3*p + 688 - 687 + 4*p. Calculate y(1).
6
Let i be ((-4)/(-7))/(4 - (-78)/(-21)). Let u(q) = -12*q + 22*q - 9*q + i. What is u(3)?
5
Suppose 3*r - 7*q = -3*q - 9, 2*r + q + 6 = 0. Let t(f) = f**2 + 3*f + 47 - 90 + 39 - 2*f. What is t(r)?
2
Let q(y) be the first derivative of -1/4*y**4 + y**3 - 195 + 3*y - y**2. Determine q(2).
3
Let i(g) = -g**2 + 11*g + 24. Let n be i(7). Let c = 54 - n. Let u(s) = s**c - s + 0*s + 11 - 4*s - 18. Calculate u(7).
7
Let m be (4/(-3) + 2)*360/3200*20. Let w(b) be the first derivative of -b - 1/3*b**3 - 35 + m*b**2. Calculate w(4).
-5
Let y(k) = -3*k**3 + 6*k**2 + k - 5. Let l(j) = 10*j**3 - 19*j**2 - 3*j + 16. Let n(m) = 2*l(m) + 7*y(m). Let b = -77 + 81. Calculate n(b).
1
Let u = -526 + 524. Let x(g) = g**2 - 3*g - 3. Determine x(u).
7
Let q(t) = -t**2 + 7*t + 12. Let d(a) = 9*a**3 + 7*a**2 - 15*a + 8. Let z be d(1). Give q(z).
-6
Let c(j) = -47*j**3 - 6*j**2 - 55*j + 84. Let k(y) = -14*y**3 - 2*y**2 - 18*y + 28. Let u(v) = 3*c(v) - 10*k(v). What is u(4)?
0
Let h(l) be the third derivative of -l**6/120 - l**5/15 - l**4/12 - l**3/2 + 10192*l**2 + 2*l. Calculate h(-3).
-6
Let c(y) be the second derivative of y**4/12 - y**3/6 - 7*y**2/2 - y. Let w = -140 + 137. Let r be w/9*0/8. Give c(r).
-7
Let p(n) = 121*n + n**2 + 132*n - 270*n - 16. Determine p(18).
2
Let r be 1/(-6) + (-4715)/(-246). Let s(v) = v**3 - 19*v**2 + 2*v - 44. Determine s(r).
-6
Let r(a) = 7*a**2 + 17*a + 5. Let p(y) = 8*y**2 + 18*y + 7. Let c(n) = -5*p(n) + 6*r(n). Give c(-6).
-5
Let z be ((-18)/72*12)/(18/186). Let g(t) = -t**2 - 30*t + 38. What is g(z)?
7
Let i(a) = -762 - 45*a + 2261 - 3*a**2 - 752 - 5*a - 772. Give i(-16).
7
Let i(g) = 121*g - 68. Let t(u) = -326*u + 204. Let f(k) = -8*i(k) - 3*t(k). Give f(9).
22
Let i(a) = a**3 + 7*a**2 + a. Suppose -5*w = 3*y + 16, -5*y + 39 = -2*w + 14. Determine i(w).
45
Let p = 310 + -204. Let q = 100 - p. Let l(u) = u**2 + 7*u - 5. Calculate l(q).
-11
Suppose 3*z = 20*z. Let c(j) = -1 - 1 - j + 5 + 3. Calculate c(z).
6
Suppose 37*l - 119 - 436 = 0. Let o(c) = -c**3 + 16*c**2 - 17*c + 9. Calculate o(l).
-21
Let d = 6 - 3. Suppose -5*l = -d*l. Let t(p) = -p**3 + p**3 - p**3 + l*p - p. Determine t(0).
0
Let s(h) = h**3 - 5*h**2 + h + 5. Let i be (-7 - (-171)/18)*(-32)/(-5). Suppose 5*y = -3*c + 5, 3*y - 1 = c + i. Calculate s(y).
-7
Let n(p) be the first derivative of -19/2*p**2 + 246 + 2/3*p**3 + 16*p. What is n(8)?
-8
Let q(h) = h**2 - 6*h - 3. Let n be 1/(-10) - 5217/(-370). Suppose -3*d - 5*t + 11 = 0, -t + 5 + n = 3*d. Calculate q(d).
4
Let t be ((-4)/14)/(8/56). Let z be 2 + (t - 9 - (0 - 2)). Let r(a) be the second derivative of a**5/20 + 2*a**4/3 + 7*a**3/6 + 3*a**2/2 + 4*a. What is r(z)?
3
Let r(w) = -17*w + 209. Let c = -12969 - -12981. What is r(c)?
5
Let s be 25 + -31 + (6 - (0 - 0)) - 27. Let k(y) = 6*y + 169. Determine k(s).
7
Let c(x) = 31*x - 88. Suppose -491*i - 4*t - 22 = -493*i, 20 = 4*i - 2*t. Determine c(i).
5
Let x = 244 + -242. Let v(q) = -4*q + 52 + q**x - 99 + 40. Give v(6).
5
Let p(h) = h**2 + 2*h - 3. Let b(k) = -3*k**2 - 76*k - 1. Let m be b(-25). Suppose -m = -2*x - 30. Determine p(x).
0
Let q(l) = -20*l**2. Let m(c) = -c**3 + c**2 - 2*c - 36. Let a be m(0). Let j = a - -41. Suppose -3*u + 2*s - 2 = -5, -5 = -5*u - j*s. Determine q(u).
-20
Let n = -4573 + 4581. Let o(g) = g**2 - 7*g + 11. Let h(r) = -3*r**2 + 22*r - 33. Let u(f) = 3*h(f) + 8*o(f). Give u(n).
5
Let x(u) = 47*u**2 + 38*u + 52. Let o(b) = -17*b**2 - 14*b - 17. Let s(g) = 11*o(g) + 4*x(g). Give s(0).
21
Let q(a) = -a**2 + 6*a + 4. Let d be ((-16)/(-10))/2 - 4/(-20). Let u